 7180 is divided by 2974?
1232
What is the remainder when 304382 is divided by 43304?
1254
What is the remainder when 11764241 is divided by 178246?
5
What is the remainder when 3387301 is divided by 282272?
37
Calculate the remainder when 1793016 is divided by 34.
26
Calculate the remainder when 3566954 is divided by 222923.
186
What is the remainder when 1626385666 is divided by 1398?
1396
What is the remainder when 896119 is divided by 4596?
4495
What is the remainder when 882584 is divided by 24?
8
Calculate the remainder when 208863 is divided by 69595.
78
Calculate the remainder when 14784 is divided by 218.
178
What is the remainder when 28497 is divided by 8096?
4209
What is the remainder when 403082 is divided by 492?
134
Calculate the remainder when 9894256 is divided by 9.
7
Calculate the remainder when 44364 is divided by 44012.
352
Calculate the remainder when 8211010 is divided by 230.
10
What is the remainder when 1529247 is divided by 6294?
6099
What is the remainder when 32457269 is divided by 418?
405
Calculate the remainder when 327324 is divided by 20450.
124
What is the remainder when 282606830 is divided by 16?
14
What is the remainder when 309704 is divided by 2491?
820
What is the remainder when 21619 is divided by 1324?
435
Calculate the remainder when 195131310 is divided by 1072150.
10
What is the remainder when 3286494 is divided by 454?
442
What is the remainder when 130351341 is divided by 107?
89
What is the remainder when 168382 is divided by 2108?
1850
Calculate the remainder when 473909 is divided by 876.
869
Calculate the remainder when 125067 is divided by 41436.
759
Calculate the remainder when 29288905 is divided by 11595.
11530
Calculate the remainder when 38662272 is divided by 12887418.
18
What is the remainder when 781853 is divided by 1303?
53
Calculate the remainder when 3167145 is divided by 316712.
25
Calculate the remainder when 925604 is divided by 924184.
1420
Calculate the remainder when 161136 is divided by 771.
768
What is the remainder when 39331 is divided by 646?
571
What is the remainder when 222652 is divided by 1577?
295
Calculate the remainder when 16566 is divided by 81.
42
What is the remainder when 1864684 is divided by 1864584?
100
What is the remainder when 233751 is divided by 150?
51
Calculate the remainder when 119903 is divided by 29121.
3419
Calculate the remainder when 63309 is divided by 11579.
5414
What is the remainder when 23334299 is divided by 25?
24
What is the remainder when 127284 is divided by 429?
300
Calculate the remainder when 2228904 is divided by 48.
24
What is the remainder when 527784 is divided by 4928?
488
Calculate the remainder when 4152986 is divided by 13.
6
Calculate the remainder when 35268254 is divided by 17634123.
8
What is the remainder when 411253 is divided by 117?
115
What is the remainder when 312723 is divided by 44498?
1237
What is the remainder when 6139701 is divided by 226?
185
Calculate the remainder when 1397370 is divided by 2426.
2420
What is the remainder when 321622 is divided by 80350?
222
Calculate the remainder when 4340836 is divided by 5077.
1
What is the remainder when 433153137 is divided by 735?
732
Calculate the remainder when 26054 is divided by 315.
224
Calculate the remainder when 241144 is divided by 1330.
414
Calculate the remainder when 158643383 is divided by 890.
883
Calculate the remainder when 185690 is divided by 30944.
26
What is the remainder when 65130282 is divided by 7001?
6980
What is the remainder when 2184726 is divided by 22293?
12
What is the remainder when 65257787 is divided by 4924?
15
Calculate the remainder when 710836656 is divided by 177709161.
12
What is the remainder when 2248977 is divided by 14234?
5
Calculate the remainder when 11133189 is divided by 97.
14
Calculate the remainder when 1133255 is divided by 126.
11
What is the remainder when 25346488 is divided by 428?
328
Calculate the remainder when 380119 is divided by 948.
919
Calculate the remainder when 39309420 is divided by 37.
28
What is the remainder when 938356 is divided by 62557?
1
Calculate the remainder when 5218628 is divided by 503.
3
Calculate the remainder when 27784 is divided by 3960.
64
Calculate the remainder when 5120473 is divided by 3512.
3489
Calculate the remainder when 10749036 is divided by 46.
32
Calculate the remainder when 849514 is divided by 224.
106
What is the remainder when 2270516 is divided by 1530?
1526
What is the remainder when 267559 is divided by 133678?
203
What is the remainder when 98782 is divided by 613?
89
What is the remainder when 62213 is divided by 1589?
242
What is the remainder when 113744 is divided by 37828?
260
What is the remainder when 9949059 is divided by 2854?
15
What is the remainder when 4905189 is divided by 1388?
1385
What is the remainder when 1473778 is divided by 58?
56
What is the remainder when 113246746 is divided by 721?
718
What is the remainder when 355976 is divided by 384?
8
Calculate the remainder when 27805 is divided by 1379.
225
Calculate the remainder when 138804 is divided by 196.
36
What is the remainder when 655422 is divided by 295?
227
What is the remainder when 22275343 is divided by 236?
11
What is the remainder when 545200 is divided by 431?
416
Calculate the remainder when 2649020 is divided by 586.
300
Calculate the remainder when 670716 is divided by 223481.
273
What is the remainder when 370879 is divided by 101?
7
Calculate the remainder when 168489511 is divided by 51.
46
What is the remainder when 9703156 is divided by 3323?
3319
What is the remainder when 213923 is divided by 1666?
675
Calculate the remainder when 185513 is divided by 847.
20
Calculate the remainder when 412314777 is divided by 6403.
6398
Calculate the remainder when 138418942 is divided by 23.
20
What is the remainder when 696982 is divided by 2463?
2416
What is the remainder when 916572 is divided by 91?
20
What is the remainder when 4821 is divided by 989?
865
What is the remainder when 4568631 is divided by 1522794?
249
What is the remainder when 464608 is divided by 1752?
328
What is the remainder when 2261625 is divided by 2922?
2919
What is the remainder when 515087 is divided by 15?
2
Calculate the remainder when 131015 is divided by 3635.
155
What is the remainder when 15092898 is divided by 2162?
2138
What is the remainder when 20325652 is divided by 1513?
10
What is the remainder when 690533 is divided by 86316?
5
Calculate the remainder when 345007431 is divided by 539.
538
Calculate the remainder when 5359109 is divided by 2719.
2679
Calculate the remainder when 14625924 is divided by 512.
132
What is the remainder when 27081508 is divided by 51097?
98
Calculate the remainder when 660950 is divided by 192.
86
Calculate the remainder when 25403 is divided by 475.
228
What is the remainder when 219605 is divided by 217758?
1847
What is the remainder when 29365 is divided by 1713?
244
What is the remainder when 1353549 is divided by 50130?
39
What is the remainder when 4228602 is divided by 8997?
12
Calculate the remainder when 2525943 is divided by 205.
138
Calculate the remainder when 6327602 is divided by 1321.
12
Calculate the remainder when 12797 is divided by 1768.
421
What is the remainder when 6656613 is divided by 354?
351
Calculate the remainder when 7288070 is divided by 911006.
22
Calculate the remainder when 1124051 is divided by 562011.
29
What is the remainder when 197720 is divided by 9859?
540
What is the remainder when 2327646 is divided by 1558?
1552
What is the remainder when 1488649 is divided by 212646?
127
Calculate the remainder when 7450801 is divided by 2661.
1
What is the remainder when 438957 is divided by 29263?
12
Calculate the remainder when 87222 is divided by 43167.
888
Calculate the remainder when 316259 is divided by 574.
559
What is the remainder when 42447 is divided by 13865?
852
Calculate the remainder when 1889339 is divided by 41.
18
What is the remainder when 51080631 is divided by 22?
19
Calculate the remainder when 204849712 is divided by 19.
15
What is the remainder when 1293432 is divided by 195?
192
Calculate the remainder when 77543 is divided by 1841.
221
What is the remainder when 1520514 is divided by 217?
21